{"id":11,"date":"2016-01-09T15:43:50","date_gmt":"2016-01-09T15:43:50","guid":{"rendered":"http:\/\/tymeksejwa.pl\/worldpress\/?page_id=11"},"modified":"2023-12-02T09:03:17","modified_gmt":"2023-12-02T08:03:17","slug":"work","status":"publish","type":"page","link":"https:\/\/tymeksejwa.pl\/index.php\/work\/","title":{"rendered":"BIO"},"content":{"rendered":"<p><span style=\"color: #000000;\"><span style=\"font-family: Sylfaen, serif;\"><span style=\"font-size: medium;\">Tymoteusz Sejwa rocznik 77. Mieszkaniec Zielonej G\u00f3ry. Przedstawiciel pokolenia &#8222;X&#8221; i schy\u0142ku wt\u00f3rnego wy\u017cu demograficznego lat 70\/80 XX wieku. Z nieustannie doskonalonej pasji fotograf. Uczestnik inicjatywy &#8222;Fotograficzna Fabryczna&#8221;, prowadzonej przez zielonog\u00f3rsk\u0105 Fundacj\u0119 &#8222;Salony&#8221;. Absolwent Mi\u0119dzynarodowego Forum Fotografii &#8222;KWADRAT&#8221; we Wroc\u0142awiu.<\/span><\/span><\/span><\/p>\n<p><span style=\"font-family: Sylfaen, serif;\"><span style=\"font-size: medium;\"><span style=\"color: #000000;\">Wyr\u00f3\u017cnienia:<\/span><br \/>\n<span style=\"color: #000000;\">&#8211; pierwsze miejsce w konkursie Yes Im Mobile 2018 w kategorii Cykl fotograficzny, za zestaw pod tytu\u0142em &#8222;Za szyb\u0105&#8221;<\/span><br \/>\n<span style=\"color: #000000;\">&#8211; wyr\u00f3\u017cnienie na XXVIII Wojew\u00f3dzkiej Wystawy Fotograficznej \u017bary 2018, za zestaw pod tytu\u0142em &#8222;Melancholia&#8221;<br \/>\n&#8211; wyr\u00f3\u017cnienie na XXX Wojew\u00f3dzkiej Wystawy Fotograficznej \u017bary 2020, za zestaw pod tytu\u0142em &#8222;Obecno\u015b\u0107&#8221;<br \/>\n&#8211; fina\u0142 konkursu &#8222;Razem 2020&#8221; &#8211; lipiec 2020 &#8211; fotografie zakwalifikowane do publikacji &#8222;Projekt Razem 2020&#8221; &#8211; fotografie z cyklu #stayhome<br \/>\n<\/span><\/span><\/span><span style=\"font-family: Sylfaen, serif;\"><span style=\"font-size: medium;\"><span style=\"color: #000000;\">&#8211; fina\u0142 konkursu Fujifilm Moment Street Photo Awards 2020 &#8211; listopad 2020, fotografia pt. &#8222;Spadanie&#8221;<br \/>\n&#8211; fina\u0142 konkursu Fujifilm Moment Street Photo Awards 2023 &#8211; grudzie\u0144 2023, fotografia pt. &#8222;Street 5&#8221;<br \/>\n<\/span><\/span><\/span><\/p>\n<p><span style=\"color: #000000;\"><span style=\"font-family: Sylfaen, serif;\"><span style=\"font-size: medium;\">Wystawy:<br \/>\n&#8211; XXV Wojew\u00f3dzka Wystawa Fotograficzna \u017bary 2015<br \/>\nwystawa pokonkursowa<br \/>\n&#8211; \u201ePrzegl\u0105d\u201d Wystawa Instytut Sztuk Wizualnych UZ 2016<br \/>\nwystawa indywidualna<br \/>\n&#8211; Wystawa &#8222;Miasto&#8221; w ramach Legnickiego Festiwalu SREBRO 2016<br \/>\nwystawa pokonkursowa<br \/>\n&#8211; XXVI Wojew\u00f3dzka Wystawa Fotograficzna \u017bary 2016<br \/>\nwystawa pokonkursowa<br \/>\n&#8211; \u201ePunkt Widzenia\u201d Wystawa Fundacja Salony Zielona G\u00f3ra<br \/>\n16.02.2018 wystawa zbiorowa<br \/>\n&#8211; XXVIII Wojew\u00f3dzka Wystawa Fotograficzna \u017bary 2018<br \/>\nwystawa pokonkursowa<br \/>\n&#8211; Wystawa &#8222;DYPLOMY&#8221; 2018 Muzeum Miejskie Wroc\u0142awia Arsena\u0142<br \/>\n09.11.2018 wystawa zbiorowa<br \/>\n&#8211; XXX Wojew\u00f3dzka Wystawa Fotograficzna \u017bary 2020<br \/>\nwystawa pokonkursowa<br \/>\n&#8211; Fujifilm Moment Street Photo Awards 2020 &#8211; Cz\u0119stochowa 2020 wystawa pokonkursowa<br \/>\n&#8211; Fujifilm Moment Street Photo Awards 2020 &#8211; Cz\u0119stochowa 2023 wystawa pokonkursowa<\/span><\/span><\/span><\/p>\n<p>&nbsp;<\/p>\n<p>&nbsp;<\/p>\n","protected":false},"excerpt":{"rendered":"<p>Tymoteusz Sejwa rocznik 77. Mieszkaniec Zielonej G\u00f3ry. Przedstawiciel pokolenia &#8222;X&#8221; i schy\u0142ku wt\u00f3rnego wy\u017cu demograficznego lat 70\/80 XX wieku. Z nieustannie doskonalonej pasji fotograf. Uczestnik inicjatywy &#8222;Fotograficzna Fabryczna&#8221;, prowadzonej przez zielonog\u00f3rsk\u0105 Fundacj\u0119 &#8222;Salony&#8221;. Absolwent Mi\u0119dzynarodowego Forum Fotografii &#8222;KWADRAT&#8221; we Wroc\u0142awiu. Wyr\u00f3\u017cnienia: &#8211; pierwsze miejsce w konkursie Yes Im Mobile 2018 w kategorii Cykl fotograficzny, za &#8230;<\/p>\n","protected":false},"author":1,"featured_media":0,"parent":0,"menu_order":0,"comment_status":"closed","ping_status":"closed","template":"templates\/fullwidth.php","meta":{"jetpack_post_was_ever_published":false},"jetpack_shortlink":"https:\/\/wp.me\/P76QqI-b","jetpack_sharing_enabled":true,"_links":{"self":[{"href":"https:\/\/tymeksejwa.pl\/index.php\/wp-json\/wp\/v2\/pages\/11"}],"collection":[{"href":"https:\/\/tymeksejwa.pl\/index.php\/wp-json\/wp\/v2\/pages"}],"about":[{"href":"https:\/\/tymeksejwa.pl\/index.php\/wp-json\/wp\/v2\/types\/page"}],"author":[{"embeddable":true,"href":"https:\/\/tymeksejwa.pl\/index.php\/wp-json\/wp\/v2\/users\/1"}],"replies":[{"embeddable":true,"href":"https:\/\/tymeksejwa.pl\/index.php\/wp-json\/wp\/v2\/comments?post=11"}],"version-history":[{"count":45,"href":"https:\/\/tymeksejwa.pl\/index.php\/wp-json\/wp\/v2\/pages\/11\/revisions"}],"predecessor-version":[{"id":4592,"href":"https:\/\/tymeksejwa.pl\/index.php\/wp-json\/wp\/v2\/pages\/11\/revisions\/4592"}],"wp:attachment":[{"href":"https:\/\/tymeksejwa.pl\/index.php\/wp-json\/wp\/v2\/media?parent=11"}],"curies":[{"name":"wp","href":"https:\/\/api.w.org\/{rel}","templated":true}]}}

<p><span style="color: #000000;"><span style="font-family: Sylfaen, serif;"><span style="font-size: medium;">Tymoteusz Sejwa rocznik 77. Mieszkaniec Zielonej Góry. Przedstawiciel pokolenia &#8222;X&#8221; i schyłku wtórnego wyżu demograficznego lat 70/80 XX wieku. Z nieustannie doskonalonej pasji fotograf. Uczestnik inicjatywy &#8222;Fotograficzna Fabryczna&#8221;, prowadzonej przez zielonogórską Fundację &#8222;Salony&#8221;. Absolwent Międzynarodowego Forum Fotografii &#8222;KWADRAT&#8221; we Wrocławiu.</span></span></span></p>
<p><span style="font-family: Sylfaen, serif;"><span style="font-size: medium;"><span style="color: #000000;">Wyróżnienia:</span><br />
<span style="color: #000000;">&#8211; pierwsze miejsce w konkursie Yes Im Mobile 2018 w kategorii Cykl fotograficzny, za zestaw pod tytułem &#8222;Za szybą&#8221;</span><br />
<span style="color: #000000;">&#8211; wyróżnienie na XXVIII Wojewódzkiej Wystawy Fotograficznej Żary 2018, za zestaw pod tytułem &#8222;Melancholia&#8221;<br />
&#8211; wyróżnienie na XXX Wojewódzkiej Wystawy Fotograficznej Żary 2020, za zestaw pod tytułem &#8222;Obecność&#8221;<br />
&#8211; finał konkursu &#8222;Razem 2020&#8221; &#8211; lipiec 2020 &#8211; fotografie zakwalifikowane do publikacji &#8222;Projekt Razem 2020&#8221; &#8211; fotografie z cyklu #stayhome<br />
</span></span></span><span style="font-family: Sylfaen, serif;"><span style="font-size: medium;"><span style="color: #000000;">&#8211; finał konkursu Fujifilm Moment Street Photo Awards 2020 &#8211; listopad 2020, fotografia pt. &#8222;Spadanie&#8221;<br />
&#8211; finał konkursu Fujifilm Moment Street Photo Awards 2023 &#8211; grudzień 2023, fotografia pt. &#8222;Street 5&#8221;<br />
</span></span></span></p>
<p><span style="color: #000000;"><span style="font-family: Sylfaen, serif;"><span style="font-size: medium;">Wystawy:<br />
&#8211; XXV Wojewódzka Wystawa Fotograficzna Żary 2015<br />
wystawa pokonkursowa<br />
&#8211; „Przegląd” Wystawa Instytut Sztuk Wizualnych UZ 2016<br />
wystawa indywidualna<br />
&#8211; Wystawa &#8222;Miasto&#8221; w ramach Legnickiego Festiwalu SREBRO 2016<br />
wystawa pokonkursowa<br />
&#8211; XXVI Wojewódzka Wystawa Fotograficzna Żary 2016<br />
wystawa pokonkursowa<br />
&#8211; „Punkt Widzenia” Wystawa Fundacja Salony Zielona Góra<br />
16.02.2018 wystawa zbiorowa<br />
&#8211; XXVIII Wojewódzka Wystawa Fotograficzna Żary 2018<br />
wystawa pokonkursowa<br />
&#8211; Wystawa &#8222;DYPLOMY&#8221; 2018 Muzeum Miejskie Wrocławia Arsenał<br />
09.11.2018 wystawa zbiorowa<br />
&#8211; XXX Wojewódzka Wystawa Fotograficzna Żary 2020<br />
wystawa pokonkursowa<br />
&#8211; Fujifilm Moment Street Photo Awards 2020 &#8211; Częstochowa 2020 wystawa pokonkursowa<br />
&#8211; Fujifilm Moment Street Photo Awards 2020 &#8211; Częstochowa 2023 wystawa pokonkursowa</span></span></span></p>
<p>&nbsp;</p>
<p>&nbsp;</p>

<p>Tymoteusz Sejwa rocznik 77. Mieszkaniec Zielonej Góry. Przedstawiciel pokolenia &#8222;X&#8221; i schyłku wtórnego wyżu demograficznego lat 70/80 XX wieku. Z nieustannie doskonalonej pasji fotograf. Uczestnik inicjatywy &#8222;Fotograficzna Fabryczna&#8221;, prowadzonej przez zielonogórską Fundację &#8222;Salony&#8221;. Absolwent Międzynarodowego Forum Fotografii &#8222;KWADRAT&#8221; we Wrocławiu. Wyróżnienia: &#8211; pierwsze miejsce w konkursie Yes Im Mobile 2018 w kategorii Cykl fotograficzny, za &#8230;</p>
